t is the units digit of z/2 + (-2 - 0)?
9
Let v(z) = -z**3 + 6*z**2 + 6*z + 1. Let w be v(7). What is the units digit of 4*3/w*-8?
6
Suppose 6*l - 4*l - 78 = 0. Suppose -3*a = -l + 6. What is the units digit of a?
1
Suppose -48 = -4*b - 4*o, b - 6*b - 4*o = -61. Suppose -4*n = 27 + b. What is the units digit of (5/n)/(1/(-2))?
1
Let m = 6 + -4. Let b(o) = 0*o**2 + 1 - 2*o**2 + 2*o**2 + 4*o**2 - 2*o. What is the units digit of b(m)?
3
Suppose -k + 2*p - 2 = -0, 3*p = -5*k + 16. Let s(g) = k*g - 2*g - 6*g - 6. What is the units digit of s(-4)?
8
Let y(b) = 2*b + b - 4*b + 1. What is the units digit of y(-6)?
7
Let n(g) = g**3 + 5*g**2 + 4*g - 1. Let h be n(-3). Suppose 2*p - 16 = 5*w, -3*w = -h*p - 2*w + 17. What is the units digit of p?
3
Suppose r = -3*z + 105, -r + 43 = z + 2*r. Suppose 0 = 4*d - 3*d - z. What is the units digit of d?
4
Suppose 3*h = -2*g + 32, 4*g + 0*g + 3*h = 52. Suppose -z = z - g. What is the units digit of z?
5
Suppose 4*c + 177 = 5*z, 2*z + c - 65 = -2. What is the units digit of z?
3
Let q be (-44)/16*2*-2. Suppose -x + q = 3. What is the units digit of x?
8
Let f be (-57)/(-9) + 2/(-6). What is the units digit of ((-52)/f)/(4/(-6))?
3
Suppose -j + 5*j + 12 = s, 0 = s + 4*j + 4. Let f = -2 + s. What is the units digit of -1 - (-2)/(f/5)?
4
Let p = -30 - -46. What is the units digit of p?
6
Let i = 0 - -2. Suppose 4*r = -3*z - 16, -i*r - 7 - 1 = 3*z. Suppose z = 2*n + 10, 5*o + 5*n = 3*o - 21. What is the units digit of o?
2
Let g(s) = -2*s - s + 9 + 2*s + 1. Let b be g(7). What is the tens digit of (-18)/(b - (-2 - -6))?
1
What is the tens digit of (12/16)/((-2)/(-64))?
2
Let n = 25 - -4. What is the tens digit of n?
2
Let s = -566 - -847. What is the units digit of s?
1
Let i(p) = -2*p - 7. What is the units digit of i(-4)?
1
Let b(l) = 3*l - 3. Let o be ((-7)/(-14))/(2/28). What is the tens digit of b(o)?
1
What is the tens digit of -7 + 10 - (-38 + -1)?
4
Suppose 4*b = 5*b + 5*u - 79, b = 3*u + 103. Suppose -2*z = -m - 4*m + 113, -b = -4*m - 2*z. What is the units digit of m?
3
What is the tens digit of -80*((-27)/(-12) + -3)?
6
Suppose 3 = 5*u - 2. What is the units digit of (1/5)/(u/5)?
1
Let d be 4 - 3/(6/(-4)). Suppose d*q - 3*q = 33. What is the units digit of q?
1
Let n = -300 + 423. What is the units digit of n?
3
Suppose 0 = 4*z - 7*z. Suppose -4*j = -2*o - j + 9, z = 2*o + 2*j - 4. Suppose 4*m - 15 = -5*l, l = 3*m - m + o. What is the units digit of l?
3
Suppose 5*f = 9 + 11. Suppose 3*l - 2 = -2*k + 2, -f = -2*l - k. Suppose 6 = -l*m + 6*m. What is the units digit of m?
3
Let z = -6 + -85. Let o = -53 - z. What is the units digit of o?
8
What is the tens digit of 582/10 + 8/10?
5
Let v(i) = -7*i - 1. Let j(z) = -z. Let n(l) = -3*j(l) - v(l). Let s be n(2). Let d = 30 - s. What is the units digit of d?
9
Let s(y) = y**3 - 3*y**2 - 3*y - 1. Let a be s(4). Suppose u - 6*u = 5*c - 20, 0 = -3*c + 2*u - a. What is the units digit of c?
1
Let k = 61 + -42. Suppose -5*x - 4 + k = 0. What is the units digit of x?
3
Let q be 0 + 1 - (-3 + 2). Suppose 2*x - 100 = -q*x. Suppose 14 = 2*c + 2*u, 8*c - 3*c = -3*u + x. What is the units digit of c?
2
What is the units digit of -1*((1 - 4) + 0)?
3
Suppose 4*h - 5*h = 2, -19 = -3*a + 2*h. Suppose 0 = -3*r - a*y + 2, 3*y = 3*r - 6*r. What is the units digit of (0 - 3)*r + 6?
9
Suppose -4*i = -1314 + 70. What is the units digit of i?
1
Let u(r) = -r**2 - 14*r + 4. What is the tens digit of u(-8)?
5
Suppose -2*i = 11*i - 13. What is the units digit of i?
1
Let g(k) = 2*k**3 - k**2 - 2*k - 1. Let h = 32 - 30. What is the units digit of g(h)?
7
Suppose 151 - 427 = -4*j. What is the tens digit of j?
6
Suppose 0 = 5*o + 2 + 3. Let v(k) = k**3 + 8*k**2 - 8*k + 8. Let j be v(-9). What is the units digit of (o - -3) + j + 1?
2
Suppose 0 = -4*l + 5*k - 1 + 14, 0 = 5*l - 2*k - 29. Let s(q) be the first derivative of -q**3/3 + 4*q**2 + 2*q - 3. What is the units digit of s(l)?
9
Suppose 0 = -4*f - 3*p + 77, 2*f = p - 3*p + 36. Let x = -11 + f. What is the tens digit of x?
1
Suppose -b + 5*n + 160 = 3*b, -2*b = n - 80. What is the tens digit of b?
4
What is the units digit of (-4)/(-30) + 40876/330?
4
Let l = 18 - -2. What is the tens digit of l?
2
Let g = 124 + 21. What is the tens digit of g?
4
Let r(h) = 5*h**2 + 10*h + 5. What is the units digit of r(-3)?
0
Suppose 12*v - 1061 = 439. What is the tens digit of v?
2
Suppose 2*q = -0*q + 18. Suppose -q - 6 = -5*d. What is the units digit of d?
3
Suppose -4*i - 2 = 2*x, 4*x + x - 4*i - 65 = 0. Let r = x - 4. What is the units digit of r?
5
Let c(b) = -b**3 - 6*b**2 - 3*b - 7. Let s be c(-5). Let o(n) = 2*n**3 + 4*n**2 - 2*n - 1. Let l be o(2). Let v = l + s. What is the tens digit of v?
1
Suppose 5*b - 370 = -3*v + 65, 5 = v. What is the tens digit of b?
8
Suppose -10*a = -6*a - 148. What is the tens digit of a?
3
Let w = -6 + 6. Let f be 1 + 1 + 2 + -2. Suppose w = -4*d + f*d + 10. What is the units digit of d?
5
Let c be ((-1)/(-2) + -1)*-6. Suppose s - 27 = 4*k, -2*s - 2*k + 67 = c*k. What is the units digit of s?
1
Let q be -3 + 0 + 18/3. Let d(p) = 3*p - 1. What is the units digit of d(q)?
8
Let o(k) be the second derivative of -k**3/6 + 5*k**2 + 2*k. Suppose -9 = p + 5*v, 3*p + 2*v - 7*v = 33. What is the units digit of o(p)?
4
Suppose 0 = -6*o + 12 + 30. Suppose -4*u + 4*w - 3 = -19, -2*w - o = -u. What is the units digit of u?
1
Suppose 3*m - 12 = -m. Suppose -m*n = 2*c - 35, -c + 1 = -0*c. What is the tens digit of n?
1
Let b be (-2)/(-1) + -2 + 3. Suppose 43 = 5*k + 4*y + 5, b*y = -3*k + 24. What is the units digit of k?
6
Let x(q) = 3*q**2 + 32. What is the units digit of x(-6)?
0
Suppose -1 = -2*z + 3*z, -5*h + 4*z + 809 = 0. What is the hundreds digit of h?
1
Suppose -11 = 2*v - 3*v. Let y = -6 + v. Suppose 0 = y*t - 10. What is the units digit of t?
2
Let q(h) = h**3 - 4*h**2 + 2*h + 1. What is the units digit of q(5)?
6
Let f = -15 + 7. Suppose 14*r - 11*r - 120 = 0. What is the units digit of 2/f + r/32?
1
Let f(b) = -b**2 + 7*b + 5. Suppose r = 3*r - 14. Let a be f(r). What is the units digit of a/((-10)/(-6)) + -1?
2
Suppose 0 = 4*a + v - 55, -3*a + 24 = 5*v - 10*v. Let s(b) = -b**3 - 2*b**2 + b - 4. Let g be s(-3). Let w = a - g. What is the units digit of w?
1
Suppose 4*o = 91 - 15. What is the units digit of o?
9
Let f be (-6)/(2 - (-2)/(-4)). Let h be (0 + -1)*-3 + 7. Let v = f + h. What is the units digit of v?
6
Let a = -3 + 7. Let r = a + -5. What is the units digit of r/((-1)/(6/1))?
6
Let u(c) be the second derivative of -c**3 - c. What is the units digit of u(-1)?
6
Let r(i) = -i**3 + 4*i**2 - i - 4. Let d = -5 + 10. Let c = d + -2. What is the units digit of r(c)?
2
Let m(n) = 12*n - 3. What is the units digit of m(5)?
7
Let j be ((-9)/(-6))/((-6)/8). What is the units digit of -2 + 7 + j/2?
4
Suppose 2*a = -3*a + 80. What is the tens digit of a?
1
Suppose v + 65 = 6*v. What is the units digit of v?
3
Suppose 6*a = 2*a + 12. What is the units digit of (-2)/a + (-70)/(-6)?
1
Let c(x) = 3*x + 28. What is the units digit of c(6)?
6
Let h(g) = 9*g**2 + 2*g + 2. Let d(s) = s**2 - 1. Let y(q) = 3*d(q) + h(q). What is the units digit of y(-2)?
3
Suppose 3*s - 6*s + 10 = -2*m, 4*m - 16 = -3*s. Suppose -2 = -y + s. What is the units digit of y?
6
Let x = 52 - 10. Let j = x - 27. Suppose 0 = -h + j + 1. What is the tens digit of h?
1
Let k(j) = -j + 23. What is the units digit of k(-7)?
0
Let u be 4*(2 - 6/4). Let h(q) = 3*q**2 - 3*q**u - 3*q**3 - q**2 - q. What is the units digit of h(-1)?
3
Let q be (0 - 1)/(2/(-6)). Suppose 2*l + q = 19. What is the units digit of l?
8
Let u(c) = -c**3 - 7*c**2 - 7*c - 4. Let j be u(-6). Suppose 3*n - j*q - 6 = -0*q, 3*q = 9. Let p = 12 - n. What is the units digit of p?
8
Let n be 4/(-2) - (1 - 9). Suppose -4*h - 18 = -n*h. What is the units digit of h?
9
Let p(k) = -14*k + 4. What is the units digit of p(-7)?
2
Let d be (-2)/(-3) + 2/(-3). Suppose -2*i + 28 = -d. What is the tens digit of i?
1
Let l(m) = -3*m**3 - 8*m**2 + 7*m. Let w(z) = -z**3 - 4*z**2 + 3*z. Let c(o) = -2*l(o) + 5*w(o). Suppose -2*x + 8 + 0 = 0. What is the units digit of c(x)?
4
Suppose -11 - 1 = -3*u. What is the units digit of u?
4
Let d(v) = 4*v + 1. Let o(u) = -3*u - 2. Let w(y) = -3*d(y) - 2*o(y). Wh